*x**2 - 1711*x + 6827. What is k(91)?
184
Let p(l) = -5*l**3 - 348*l**2 - 204*l + 180. Calculate p(-69).
-27
Let p(v) = v**3 + 174*v**2 - 9653*v - 1636953. Give p(-176).
23
Let t(y) = 2*y**2 - 12*y - 51. Determine t(3).
-69
Let g(q) = -q**2 - 4519*q - 71996. Give g(-16).
52
Let k(y) = 2000*y - 10444. Give k(5).
-444
Let h(o) = -9*o**3 + 127*o**2 - 22*o - 39. What is h(14)?
-151
Let g(p) = 1891*p - 11028. Determine g(6).
318
Let p(l) = l**3 - 102*l**2 + 1509*l + 93. What is p(84)?
-159
Let t(j) = 4484*j + 71714. Calculate t(-16).
-30
Let a(p) = -33*p + 9264. Give a(281).
-9
Let b(t) = -22*t**3 + 9773*t**2 - 2220*t + 2. What is b(444)?
2
Let n(i) = 4*i**2 - 240*i - 2796. Give n(-10).
4
Let k(x) = -2*x**2 + 66*x - 1482. What is k(17)?
-938
Let i(n) = 45*n**3 - 4412*n**2 + 333*n - 13439. Determine i(98).
-13
Let w(m) = 2483*m - 25050. What is w(10)?
-220
Let g(o) = o**3 + 3*o**2 - 206*o + 98. Give g(12).
-214
Let q(g) = g**3 - 7*g**2 - 869*g + 9073. What is q(11)?
-2
Let s(t) = -5*t**3 - 196*t**2 - 33*t + 232. Calculate s(-39).
-2
Let l(v) = -v**3 + 42*v**2 - 379*v - 1361. Determine l(22).
-19
Let h(u) = -5*u**2 - 2596*u + 141686. Calculate h(-569).
5
Let u(z) = 800*z + 181. Calculate u(0).
181
Let z(t) = 1525*t - 190632. What is z(125)?
-7
Let u(l) = -4364*l + 65302. What is u(15)?
-158
Let k(b) = -92*b**2 - 213*b - 182. Give k(-2).
-124
Let l(h) = 93*h + 8206. What is l(-61)?
2533
Let w(r) = 4*r**3 - 38*r**2 + 205*r + 363. Determine w(6).
1089
Let f(z) = 28*z**2 - 23*z + 89. Give f(4).
445
Let y(o) = 11*o**3 - 513*o**2 - 875*o + 7463. Determine y(48).
23
Let k(z) = 497*z + 86175. Give k(-173).
194
Let w(l) = 369*l + 1994. Calculate w(-5).
149
Let i(g) = -2184*g + 624614. Determine i(286).
-10
Let j(c) = -36*c - 766. Determine j(-42).
746
Let n(b) = -b**3 + 37*b**2 + 205*b - 10550. What is n(33)?
571
Let c(j) = -j**3 - 177*j**2 - 1017*j - 116751. Determine c(-175).
-26
Let i(c) = 22*c - 588. Give i(-2).
-632
Let n(k) = -k**3 - 11*k**2 + 10550*k + 63452. Give n(-6).
-28
Let o(v) = 301*v - 4852. Calculate o(16).
-36
Let f(v) = -385*v - 12068. Give f(-33).
637
Let s(c) = -c**2 + 33298*c - 2425423. Calculate s(73).
2
Let s(i) = -i**3 - 10*i**2 + 3163*i + 25445. Give s(-8).
13
Let r(y) = -689*y - 6. What is r(2)?
-1384
Let w(z) = 76*z**2 + 3637*z - 44712. Calculate w(-58).
6
Let r(f) = -2870*f + 172. Determine r(0).
172
Let s(b) = -5179*b - 404013. What is s(-78)?
-51
Let r(j) = -4*j**2 - 1810874*j + 3621758. Give r(2).
-6
Let c(w) = -17*w + 1814. Give c(39).
1151
Let d(p) = 2*p**2 - 32669*p - 163316. Calculate d(-5).
79
Let o(g) = -g**3 + 335*g**2 + 18816*g - 564. What is o(384)?
-564
Let n(p) = -174*p**2 + 1953*p - 449. What is n(11)?
-20
Let m(p) = p**3 + 45*p**2 - 311*p - 132. Give m(-50).
2918
Let j(i) = 19*i**2 - 3036*i - 6822. Calculate j(162).
-18
Let f(a) = 106*a - 1130. Give f(3).
-812
Let j(o) = 4*o**3 - 86*o**2 + 3*o + 27. What is j(22)?
1061
Let g(m) = -13600*m - 3454392. What is g(-254)?
8
Let p(q) = q**2 - 57939*q - 57934. Give p(-1).
6
Let n(r) = r**2 + 654*r - 28232. Calculate n(-695).
263
Let t(z) = z**2 - 226*z + 5958. Calculate t(37).
-1035
Let x(r) = -30*r**2 + 643*r + 3172. What is x(-5)?
-793
Let r(n) = 10*n**2 + 9*n + 198. What is r(9)?
1089
Let z(r) = 2*r**2 + 550*r - 1041164. Give z(597).
4
Let i(o) = 188256*o + 24661533. Give i(-131).
-3
Let b(q) = -q**2 - 35*q + 3607. Calculate b(46).
-119
Let u(z) = -4493*z - 31643. Give u(-7).
-192
Let w(b) = -b**2 + 1821*b + 150079. Determine w(-79).
-21
Let d(x) = -459*x - 35333. Determine d(-77).
10
Let b(p) = -220*p**2 + 12581*p - 2339. Determine b(57).
-2
Let r(h) = -128*h + 195. What is r(-6)?
963
Let b(a) = -14*a**2 + 2320*a + 16332. Give b(-7).
-594
Let k(j) = 1061*j + 2019. Calculate k(-2).
-103
Let y(b) = -4*b**3 - 39*b**2 - 13*b - 157. Calculate y(-10).
73
Let m(j) = 6691*j - 26784. What is m(4)?
-20
Let a(o) = -8*o**3 - 69*o**2 - 9*o - 18. What is a(-6)?
-720
Let n(z) = -1189*z - 138603. Calculate n(-118).
1699
Let u(p) = 347*p**2 + 4246*p - 40. What is u(-12)?
-1024
Let s(w) = -24909*w + 1170631. Give s(47).
-92
Let k(f) = -f**2 - 53925*f - 808638. What is k(-15)?
12
Let y(i) = -1411*i - 30616. What is y(-23)?
1837
Let l(c) = -105*c - 4793. Determine l(-8).
-3953
Let q(m) = m**2 + 3427*m + 1035819. Calculate q(-335).
-1
Let i(u) = 65*u**2 - 56*u - 13. Give i(2).
135
Let a(k) = -k**3 - 40*k**2 + 38*k - 603. What is a(-41)?
-480
Let h(o) = -o**2 - 6660*o - 33274. Calculate h(-5).
1
Let p(k) = -k**3 + 22*k**2 - 10*k - 231. Determine p(21).
0
Let y(h) = 2*h**3 + 1055*h**2 + 94279*h + 110. Give y(-114).
-4
Let d(a) = -15667*a + 172386. Calculate d(11).
49
Let q(g) = 3*g**2 - 9655*g + 77126. What is q(8)?
78
Let c(w) = w**2 - 50*w - 38. Give c(18).
-614
Let n(q) = -q**2 - 12231*q + 220485. What is n(18)?
3
Let h(v) = 242*v + 10763. Calculate h(-42).
599
Let h(c) = 2743*c + 7914. Give h(-3).
-315
Let f(o) = -12*o**2 + 1653*o + 10229. Calculate f(-6).
-121
Let z(g) = 4*g**2 - 741*g - 4414. Give z(191).
-21
Let d(u) = 14*u**2 - 115*u + 105. What is d(16)?
1849
Let y(c) = -c**2 + 3410*c - 91291. Give y(27).
50
Let g(o) = 2*o**3 - 73*o**2 + 84*o + 914. Determine g(-3).
-49
Let r(j) = 2*j**2 - 242*j - 19510. Give r(-54).
-610
Let j(f) = -794*f + 118285. What is j(149)?
-21
Let w(c) = 15*c**2 - 165*c + 388. Give w(4).
-32
Let h(v) = -9910*v + 2556764. Give h(258).
-16
Let f(x) = x**3 + 533*x**2 - 14532*x + 1122. Give f(-559).
4
Let p(f) = 73*f - 2736. Determine p(40).
184
Let l(x) = 14*x**2 - 386*x - 6707. Give l(40).
253
Let j(n) = 681*n - 15793. Determine j(23).
-130
Let u(r) = -3*r**3 + 10*r**2 + 3*r + 151. Give u(0).
151
Let z(f) = 12*f**3 + 11*f**2 - 37*f + 39. Determine z(1).
25
Let g(z) = 4*z**2 - 62*z - 3200. What is g(37)?
-18
Let p(v) = 490*v - 9351. Determine p(20).
449
Let b(f) = -5*f**3 + 1425*f**2 - 121*f + 34488. Give b(285).
3
Let u(f) = -16*f**2 + 1672*f - 3336. Determine u(2).
-56
Let z(x) = -8345*x - 16679. Calculate z(-2).
11
Let i(h) = -50*h**2 + 3042*h - 6065. What is i(2)?
-181
Let k(a) = -1098*a + 10393. Calculate k(10).
-587
Let c(y) = -32*y**2 - 29132*y - 691086. Determine c(-886).
-6
Let f(d) = -1058*d**3 + 6*d**2 - 66*d + 61. Determine f(1).
-1057
Let y(q) = -2*q**2 + 72*q + 954. Calculate y(44).
250
Let u(d) = -3*d**3 - 254*d**2 - 3443*d + 107. Determine u(-17).
-29
Let f(u) = -7*u**2 + 496*u - 3466. Calculate f(63).
-1
Let c(o) = 21*o**2 - 67*o - 444. Calculate c(-6).
714
Let o(i) = 175003*i + 350157. Give o(-2).
151
Let s(d) = -594*d + 19150. Give s(32).
142
Let d(u) = -465*u + 12578. What is d(27)?
23
Let u(j) = j**3 - 150*j**2 + 2982*j - 1397. What is u(23)?
6
Let b(c) = c**3 - 53*c**2 - 2209*c + 117150. What is b(52)?
-422
Let h(c) = c**3 - 68*c**2 - 129*c + 4446. What is h(69)?
306
Let c(n) = -n**3 - 49*n**2 + 1125*n + 27. Give c(17).
78
Let h(v) = -8743*v - 821830. Determine h(-94).
12
Let c(i) = -375*i**2 + 51*i + 1387. What is c(2)?
-11
Let m(z) = 305*z + 121239. Determine m(-397).
154
Let v(l) = -l**2 + 3061*l + 593729. Determine v(-183).
77
Let y(d) = -5*d**2 + 382*d - 2968. Determine y(67).
181
Let u(b) = 840*b - 45657. Determine u(51).
-2817
Let t(a) = -a**3 + 38*a**2 - 373*a - 457. What is t(24)?
-1345
Let h(f) = 1118*f - 4948. Calculate h(6).
1760
Let q(r) = 19*r**3 - 284*r**2 - 178*r + 2417. Determine q(15).
-28
Let i(r) = 1529*r + 920429. What is i(-602)?
-29
Let x(d) = 37*d**3 - 671*d**2 + 102*d - 194. Calculate x(18).
22
Let t(b) = b**3 - 50*b**2 + 17*b - 1649. Determine t(49).
-3217
Let t(w) = -4320*w + 203033. Give t(47).
-7
Let h(x) = 696*x**2 - 4177*x + 28. Calculate h(6).
22
Let o(s) = 7*s**2 - 443*s + 1835. Determine o(4).
175
Let j(t) = 2*t**3 + 21*t**2 - 350*t - 3580. Calculate j(-10).
20
Let p(j) = -j**3 + 92*j**2 + 10*j + 169. Calculate p(92).
1089
Let c(b) = -9*b**3 + 341*b**2 - 2320*b + 72. Give c(29).
72
Let y(p) = p**3 - 226*p**2 + 8261*p + 872. Give y(46).
-2
Let i(f) = -5187*f - 938842. Determine i(-181).
5
Let g(s) = 11*s**2 - 65*s - 645. What is g(12)?
159
Let b(s) = 2*s**2 - 196551*s + 393098. Give b(2).
4
Let y(k) = 63*k**3 - 12*k**2 - 659*k + 1365. Determine y(2).
503
Let b(u) = u**2 - 907*u + 26188. Determine b(30).
-122
Let j(v) = 21355*v + 21684. What is j(-1)?
329
Let a(o) = 241*o - 644. Calculate a(12).
2248
Le